{"id":138,"date":"2021-08-06T18:38:51","date_gmt":"2021-08-06T16:38:51","guid":{"rendered":"https:\/\/scfe-neuesdenken.de\/wordpress\/?page_id=138"},"modified":"2021-08-06T19:13:28","modified_gmt":"2021-08-06T17:13:28","slug":"atemtherapie","status":"publish","type":"page","link":"https:\/\/scfe-neuesdenken.de\/wordpress\/atemtherapie\/","title":{"rendered":""},"content":{"rendered":"<p><img loading=\"lazy\" decoding=\"async\" class=\"wp-image-152 size-full aligncenter\" src=\"https:\/\/scfe-neuesdenken.de\/wordpress\/wp-content\/uploads\/2021\/08\/P1020225-crop-1.jpg\" alt=\"\" width=\"630\" height=\"293\" srcset=\"https:\/\/scfe-neuesdenken.de\/wordpress\/wp-content\/uploads\/2021\/08\/P1020225-crop-1.jpg 630w, https:\/\/scfe-neuesdenken.de\/wordpress\/wp-content\/uploads\/2021\/08\/P1020225-crop-1-300x140.jpg 300w\" sizes=\"(max-width: 630px) 100vw, 630px\" \/><\/p>\n<p class=\"paragraph_style\" style=\"text-align: center;\"><span style=\"color: #000000;\"><span style=\"font-size: xx-large;\"> .atemtherapie<\/span><\/span><\/p>\n<p style=\"text-align: center;\"><span style=\"color: #333399;\">im alltag denkt kaum jemand daran und doch ist sie \u00fcberlebenswichtig: die atmung. ganz nat\u00fcrlich nimmt unsere lunge sauerstoff auf und st\u00f6\u00dft die verbrauchte luft wieder aus. bewusstes atmen und verschiedene atemtechniken k\u00f6nnen k\u00f6rper und geist positiv beeinflussen und sogar krankheiten in der heilung unterst\u00fctzen. wir atmen t\u00e4glich etwa 20.000-mal und bewegen dabei rund zw\u00f6lf kubikmeter luft.<\/span><\/p>\n<p style=\"text-align: center;\"><span style=\"color: #333399;\">atmen ist ein zumeist unbewusster vorgang, auf den wir aber bewusst einfluss nehmen k\u00f6nnen. in der atemtherapie k\u00f6nnen wir individuelle atemmuster wahrnehmen und den atem \u00fcber das erlernen verschiedener atemtechniken steuern. so k\u00f6nnen wir einfluss auf k\u00f6rperliche und psychische spannungen nehmen.<\/span><\/p>\n<p style=\"text-align: center;\"><span style=\"color: #333399;\">ein ziel kann sein, mit der atemtherapie die entspannung zu f\u00f6rdern und dadurch den allgemeinen gesundheitlichen zustand positiv zu ver\u00e4ndern.<\/span><\/p>\n<p style=\"text-align: center;\"><span style=\"color: #333399;\">in einzelnen \u00fcbungen machen wir uns unseren atem bewusst und sp\u00fcren nach, wie und wohin er flie\u00dft. schon dar\u00fcber kann entspannung entstehen. je nach situation und befindlichkeit k\u00f6nnen spezielle \u00fcbungen zur tieferen entspannung, zur vitalisierung, zur st\u00e4rkung der lungenfunktion und zur st\u00e4rkung der muskualtur angewendet werden.<\/span><\/p>\n<p style=\"text-align: center;\"><span style=\"color: #333399;\">die atemtherapie kann keine \u00e4rztliche behandlung ersetzen, diese aber ggf. sinnvoll erg\u00e4nzen.<\/span><\/p>\n<p style=\"text-align: center;\"><span style=\"color: #333399;\">\u00fcbungen aus der atemtherapie eignen sich zur selbst\u00e4ndigen anwendung zuhause oder auch mal zwischendurch, k\u00f6nnen aber auch gut in gruppen erlernt und angewendet werden.<\/span><\/p>\n<p style=\"text-align: center;\"><span style=\"color: #333399;\">ich biete sowohl einzelstunden wie auch gruppenstunden\/\u2013kurse\u00a0<\/span><span style=\"caret-color: #333399; color: #333399; font-size: 1.0625em;\">in der atemtherapie<\/span><span style=\"caret-color: #333399; color: #333399; font-size: 1.0625em;\">\u00a0<\/span><span style=\"color: #333399; font-size: 1.0625em;\">an, in denen je nach bedarf auch die verbindung zu anderen entspannungstechniken wie yoga, tai chi und qigong hergestellt wird.<\/span><\/p>\n<p>&nbsp;<\/p>\n<p style=\"text-align: center;\"><em>\u201eden puls des eigenen herzens f\u00fchlen. ruhe im innern, ruhe im \u00e4u\u00dfern.<\/em><br \/>\n<em>wieder atem holen lernen, das ist es.\u201c<\/em><br \/>\n<em>Christian Morgenstern<\/em><\/p>\n<p class=\"paragraph_style_3\" style=\"text-align: center;\"><span class=\"style_1\">\u00a0<\/span><\/p>\n","protected":false},"excerpt":{"rendered":"<p>.atemtherapie im alltag denkt kaum jemand daran und doch ist sie \u00fcberlebenswichtig: die atmung. ganz nat\u00fcrlich nimmt unsere lunge sauerstoff auf und st\u00f6\u00dft die verbrauchte&#8230;<\/p>\n<div class=\"more-link-wrapper\"><a class=\"more-link\" href=\"https:\/\/scfe-neuesdenken.de\/wordpress\/atemtherapie\/\">mehr<span class=\"screen-reader-text\"><\/span><\/a><\/div>\n","protected":false},"author":1,"featured_media":0,"parent":0,"menu_order":0,"comment_status":"closed","ping_status":"closed","template":"","meta":{"footnotes":""},"class_list":["post-138","page","type-page","status-publish","hentry","entry"],"_links":{"self":[{"href":"https:\/\/scfe-neuesdenken.de\/wordpress\/wp-json\/wp\/v2\/pages\/138"}],"collection":[{"href":"https:\/\/scfe-neuesdenken.de\/wordpress\/wp-json\/wp\/v2\/pages"}],"about":[{"href":"https:\/\/scfe-neuesdenken.de\/wordpress\/wp-json\/wp\/v2\/types\/page"}],"author":[{"embeddable":true,"href":"https:\/\/scfe-neuesdenken.de\/wordpress\/wp-json\/wp\/v2\/users\/1"}],"replies":[{"embeddable":true,"href":"https:\/\/scfe-neuesdenken.de\/wordpress\/wp-json\/wp\/v2\/comments?post=138"}],"version-history":[{"count":10,"href":"https:\/\/scfe-neuesdenken.de\/wordpress\/wp-json\/wp\/v2\/pages\/138\/revisions"}],"predecessor-version":[{"id":154,"href":"https:\/\/scfe-neuesdenken.de\/wordpress\/wp-json\/wp\/v2\/pages\/138\/revisions\/154"}],"wp:attachment":[{"href":"https:\/\/scfe-neuesdenken.de\/wordpress\/wp-json\/wp\/v2\/media?parent=138"}],"curies":[{"name":"wp","href":"https:\/\/api.w.org\/{rel}","templated":true}]}}